{"id":157,"date":"2020-01-20T13:30:20","date_gmt":"2020-01-20T11:30:20","guid":{"rendered":"http:\/\/camerata-bergedorf.de\/?page_id=157"},"modified":"2023-01-19T12:59:45","modified_gmt":"2023-01-19T10:59:45","slug":"konzert","status":"publish","type":"page","link":"http:\/\/camerata-bergedorf.de\/?page_id=157","title":{"rendered":"Konzerte"},"content":{"rendered":"\n<p>Unsere n\u00e4chsten Auftritte:<\/p>\n<ul>\n<li>Gemeinsam mit der ASA (Altonaer Singakademie) werden wir am <strong>26.02.2023 <\/strong>im gro\u00dfen Saal der Laeiszhalle musiziere. <br \/>Im ersten Teil wird die Camerata Bergedorf einige St\u00fccke von Brahms, Mendelssohn, Schubert uvm. zum Ausdruck bringen. Im zweiten Teil gibt es die Es-Dur Messe von Schubert zu h\u00f6ren.<br \/>Tickets gibt es unter <a style=\"font-size: revert;\" href=\"https:\/\/asa.reservix.de\/events\" target=\"_blank\" rel=\"noopener\">asa.reservix.de<\/a><\/li>\n<\/ul>\n<p>Wir freuen uns auf Euren Besuch!<\/p>\n<p>\u00a0<\/p>\n<p><img decoding=\"async\" src=\"https:\/\/www.altonaer-singakademie.de\/wp-content\/uploads\/2023\/01\/Bild1.png\" \/><\/p>\n<p>\u00a0<\/p>\n\n\n","protected":false},"excerpt":{"rendered":"<p>Unsere n\u00e4chsten Auftritte: Gemeinsam mit der ASA (Altonaer Singakademie) werden wir am 26.02.2023 im gro\u00dfen Saal der Laeiszhalle musiziere. Im ersten Teil wird die Camerata Bergedorf einige St\u00fccke von Brahms, Mendelssohn, Schubert uvm. zum Ausdruck bringen. Im zweiten Teil gibt es die Es-Dur Messe von Schubert zu h\u00f6ren.Tickets gibt es unter asa.reservix.de Wir freuen uns [&hellip;]<\/p>\n","protected":false},"author":1,"featured_media":0,"parent":0,"menu_order":0,"comment_status":"closed","ping_status":"closed","template":"","meta":{"footnotes":""},"class_list":["post-157","page","type-page","status-publish","hentry"],"_links":{"self":[{"href":"http:\/\/camerata-bergedorf.de\/index.php?rest_route=\/wp\/v2\/pages\/157","targetHints":{"allow":["GET"]}}],"collection":[{"href":"http:\/\/camerata-bergedorf.de\/index.php?rest_route=\/wp\/v2\/pages"}],"about":[{"href":"http:\/\/camerata-bergedorf.de\/index.php?rest_route=\/wp\/v2\/types\/page"}],"author":[{"embeddable":true,"href":"http:\/\/camerata-bergedorf.de\/index.php?rest_route=\/wp\/v2\/users\/1"}],"replies":[{"embeddable":true,"href":"http:\/\/camerata-bergedorf.de\/index.php?rest_route=%2Fwp%2Fv2%2Fcomments&post=157"}],"version-history":[{"count":6,"href":"http:\/\/camerata-bergedorf.de\/index.php?rest_route=\/wp\/v2\/pages\/157\/revisions"}],"predecessor-version":[{"id":225,"href":"http:\/\/camerata-bergedorf.de\/index.php?rest_route=\/wp\/v2\/pages\/157\/revisions\/225"}],"wp:attachment":[{"href":"http:\/\/camerata-bergedorf.de\/index.php?rest_route=%2Fwp%2Fv2%2Fmedia&parent=157"}],"curies":[{"name":"wp","href":"https:\/\/api.w.org\/{rel}","templated":true}]}}

<p>Unsere nächsten Auftritte:</p>
<ul>
<li>Gemeinsam mit der ASA (Altonaer Singakademie) werden wir am <strong>26.02.2023 </strong>im großen Saal der Laeiszhalle musiziere. <br />Im ersten Teil wird die Camerata Bergedorf einige Stücke von Brahms, Mendelssohn, Schubert uvm. zum Ausdruck bringen. Im zweiten Teil gibt es die Es-Dur Messe von Schubert zu hören.<br />Tickets gibt es unter <a style="font-size: revert;" href="https://asa.reservix.de/events" target="_blank" rel="noopener">asa.reservix.de</a></li>
</ul>
<p>Wir freuen uns auf Euren Besuch!</p>
<p> </p>
<p><img decoding="async" src="https://www.altonaer-singakademie.de/wp-content/uploads/2023/01/Bild1.png" /></p>
<p> </p>

<p>Unsere nächsten Auftritte: Gemeinsam mit der ASA (Altonaer Singakademie) werden wir am 26.02.2023 im großen Saal der Laeiszhalle musiziere. Im ersten Teil wird die Camerata Bergedorf einige Stücke von Brahms, Mendelssohn, Schubert uvm. zum Ausdruck bringen. Im zweiten Teil gibt es die Es-Dur Messe von Schubert zu hören.Tickets gibt es unter asa.reservix.de Wir freuen uns [&hellip;]</p>
